i and 44?
44
Let b(s) = -s**3 - 16*s**2 + 15*s - 36. Let r be b(-16). Let u = -227 - r. What is the highest common divisor of u and 147?
49
Let v be 36/1 + 122 + -119. Let c(g) = g + 2. Let t be c(-5). Let r(o) = 7*o**2 - 6*o - 3. Let y be r(t). Calculate the greatest common divisor of y and v.
39
Let b(w) be the second derivative of w**4/4 - w**3/6 + 34*w. Let z be b(7). Calculate the greatest common divisor of z and 28.
28
Suppose 0 = -8*b + 108*b - 1842674 - 2523126. What is the highest common divisor of 263 and b?
263
Let s(z) = 352*z + 52. Let p be s(0). Calculate the greatest common divisor of 524 and p.
4
Suppose 18*w - 11*w + 56 = 0. Let k be (-516)/w - ((-18)/4 - -3). Calculate the highest common divisor of k and 2.
2
Suppose 0 = 5*c - 2974 - 3226. Suppose -9*u = -14*u + c. Suppose -u = 6*k - 734. What is the highest common divisor of 27 and k?
27
Suppose -78 = -3*u - 4*z + z, 2*u - 2*z = 36. Suppose -16*b = 135*b - 29898. Let v be (-4)/u + 6/(b/237). What is the highest common divisor of 91 and v?
7
Let p = -731 - -1046. Let b be 80/14 - (-2)/7. Let q be ((-105)/(-6))/(3/b). Calculate the highest common divisor of q and p.
35
Suppose 8*z - 130 = -3*m + 13*z, 3*m - 2*z = 133. Suppose m*c + 340 = 50*c. What is the highest common divisor of c and 8?
4
Let c(u) = u**2 - 27*u + 216. Let v be c(15). Calculate the greatest common divisor of 588 and v.
12
Let m be ((-3)/(-9))/(25/12 - 2). Suppose y + m*g = 3*y - 16, 3*y = 2*g + 12. Suppose y*x - 46 = -12. What is the greatest common divisor of 85 and x?
17
Let n be ((-26)/2)/(-5*9/45). What is the highest common divisor of n and 24349?
13
Let w be 64 - 0 - (-517 - -497). What is the greatest common divisor of w and 88?
4
Let r = 5583 - 3257. Suppose -6070 + r = -26*d. Calculate the greatest common divisor of 9 and d.
9
Suppose 2334842 = 126*s + 439550. Calculate the greatest common factor of s and 92.
46
Let f = -176 + 200. Let m be -4*4/f + 47/3. Calculate the greatest common divisor of 180 and m.
15
Let h be (48/36)/(4/15)*(0 - -1). What is the highest common divisor of 13 and h?
1
Let u be ((-6)/5)/(9/30*108/(-1539)). Let d be 4/2 - 0 - -74. What is the highest common factor of u and d?
19
Suppose 2*v - v + 5*h = 333, 698 = 2*v + 2*h. Let c = -277 - -45. Let b = v + c. Calculate the highest common factor of 22 and b.
11
Suppose -26*u + 3265 = -22995. Calculate the greatest common divisor of 10 and u.
10
Let p be 5 - ((-22)/44)/((-3)/(-1440)). Calculate the highest common factor of p and 686.
49
Let x = 4 + 347. Suppose 39*w - 181*w - 65 = -1911. Calculate the highest common factor of x and w.
13
Let m(o) = o**2 + 13*o + 54. Let f be m(-12). Let v be ((-1080)/f)/((-4)/14). Calculate the greatest common factor of 72 and v.
18
Let y = -7347 - -7575. What is the highest common factor of 156 and y?
12
Let j = 29112 - 29042. Let b = 18 - -32. Calculate the greatest common divisor of j and b.
10
Suppose 267 = -16*q + 2907. What is the greatest common divisor of 2409 and q?
33
Let d(z) = z**3 + 64*z**2 - 19*z + 330. Let w be d(-55). What is the greatest common divisor of w and 55?
55
Suppose -56*q = -14*q - 4704. Suppose 22 = c + 3*h, 10 = 2*h - 0*h. Calculate the greatest common divisor of c and q.
7
Let w be 26/4 + (-9)/18 + 4. Suppose -2*s = w*s - 384. What is the highest common divisor of s and 96?
32
Suppose 3*d + 2*y = 35, 4*y - 43 = -2*d - d. Let c(z) = 12*z + 3*z + 2 - d. Let q be c(3). What is the greatest common divisor of 190 and q?
38
Let b(d) = -99 + 29*d**2 + 188 - 38*d - 98 + d**3. Let g be b(-30). Suppose -2*m + 5*q = -42, -m - 2*q + 21 = q. What is the greatest common factor of g and m?
21
Let x = -2881 + 2909. Calculate the greatest common divisor of x and 3178.
14
Let b(g) = -10*g**2 + 70*g + 22. Let d be b(7). What is the highest common factor of 20900 and d?
22
Suppose 75*d = 69*d + 4662. What is the highest common factor of d and 14?
7
Let n be 4 - (6 + 10) - -97. Calculate the greatest common factor of 408 and n.
17
Suppose -30080 = -9*v + 4606. What is the highest common divisor of v and 164?
82
Suppose 4*k + 1413 = 5*c, -2*c - 322 = k + 3*c. Let s = k - -659. What is the greatest common factor of 24 and s?
24
Let l be (-54)/(-10) + 259/(-35) + 7. Suppose 0 = 2*y + 2*r - 68, 0*y + 46 = y - l*r. Let s be (-2 - (-6)/4)*-18. What is the highest common factor of y and s?
9
Let q be (-3)/(0 + -6) + 21/(-56)*-148. What is the greatest common divisor of 42 and q?
14
Suppose 0 = 5*i - 19*i + 2912. Let v = i + 42. What is the greatest common factor of v and 10?
10
Suppose -2620 + 214 = -401*o. Calculate the highest common divisor of 7122 and o.
6
Let o = 34 + -31. Suppose l = o*k + 3, 2*k + 21 = 2*l - 5. What is the greatest common divisor of 153 and l?
9
Let d be (-7 + 3)*51/(-6). Let v(n) = 2*n**2 + 14*n - 32. Let m be v(-9). Calculate the greatest common factor of m and d.
2
Suppose -4*n + 3 - 59 = -3*x, -3*x = 4*n - 88. Suppose -64 = -2*h - 5*b, -3*b + 183 - 55 = 4*h. Calculate the highest common divisor of x and h.
8
Let t(h) = -3*h + 133. Let u be t(28). Suppose 5*w + 710 = 5*n, 5*w + u = -2*n + 319. Calculate the highest common divisor of n and 28.
28
Suppose 672 = -190*o + 198*o. What is the greatest common divisor of 28 and o?
28
Suppose 13*n - 96 = q, n = -453 + 461. Let p(m) = -9*m - 2. Let y be p(-2). Calculate the highest common factor of q and y.
8
Suppose 2*m + 26 - 698 = 0. Suppose -4*l - m = 3*l. Let i = 74 + l. Calculate the greatest common divisor of 65 and i.
13
Suppose 0 = 2*b + 2*r - 1082, -158 = -b + 4*r + 398. Let d be -80*(-658)/(-235)*2/(-7). Calculate the greatest common factor of d and b.
32
Suppose 22*v + 51 - 88 = 29. Let i = 118 - 69. Let k = i + -1. Calculate the highest common divisor of v and k.
3
Let p = 149 + -77. Suppose -5*l + v + p = -0*l, l + 5*v - 4 = 0. Let s(b) = b**3 - 4*b - 6. Let r be s(4). Calculate the highest common divisor of l and r.
14
Let k be (-489)/(-3) + 3 + 5 + -12. Calculate the highest common factor of k and 1431.
159
Suppose 58 = 65*b - 36*b. Let w be 25/(-25) - (-79 - b). Calculate the highest common divisor of 120 and w.
40
Suppose -8*l = 19 - 227. Calculate the greatest common factor of 234 and l.
26
Let f(d) = -d**3 + 70*d**2 - 67*d + 20. Let g be f(69). Calculate the greatest common factor of g and 4582.
158
Suppose -56*l + 52*l = x - 17, 201 = 4*x - 3*l. What is the highest common factor of x and 7560?
45
Let a(x) = x**3 - 5*x**2 - 3*x. Let s be a(5). Let v be (-3)/2*110/s. Let q(b) = -b**2 - 4*b + 1. Let u be q(-4). What is the highest common divisor of v and u?
1
Let y(j) = -373*j + 2270. Let d be y(5). What is the highest common factor of 2475 and d?
45
Let q(f) = f**3 - f**2 + 5*f + 4. Suppose -2*u + 36 = u. Let s be (-3)/((-9)/u) - 0. Let h be q(s). Calculate the greatest common divisor of 8 and h.
8
Let x = -163 + 273. Let o = 167 + 29. Let k be o/9 - 2/(-9). What is the highest common factor of k and x?
22
Let u(a) = 3*a - 4. Let k be u(5). Let c(b) = 0 - 19*b + 6*b + 20*b + b**2 - 1. Let z be c(6). What is the greatest common divisor of z and k?
11
Let p = 11243 - 2702. What is the highest common divisor of 117 and p?
117
Suppose 0 = 34*c - 61*c + 39*c - 4080. What is the highest common factor of c and 60?
20
Let t(s) = -1094*s - 424. Let u be t(-4). What is the highest common factor of 52 and u?
52
Let z be (-645)/86*38/(-3). Let s(v) = v**3 - 10*v**2 + 26*v + 7. Let w be s(4). Calculate the highest common factor of w and z.
5
Let s(t) = 4*t**3 - 64*t**2 + 70*t - 118. Let z be s(24). Calculate the greatest common divisor of 52 and z.
26
Let l be (-48)/456 - (-590)/190. Let w(t) = -t + 15. Let g be w(0). Calculate the highest common factor of l and g.
3
Let c be (-15108)/(-10) - (36/(-5) - -7). Suppose 1514*x - 270 = c*x. What is the highest common divisor of x and 27?
9
Suppose -5*b = 4*c - 43, -33 = -3*b - 5*c - 2. Calculate the highest common divisor of b and 3143.
7
Suppose -8*f = 78 - 54. Let l be (24/(-16))/(f/88). What is the highest common factor of 22 and l?
22
Let p be 48/(-30)*(-11 + -4). Let k be (p - -1) + (-4)/2. What is the highest common divisor of 667 and k?
23
Let c = -669 - -426. Let i = -234 - c. Let l be (3 + 92/(-16))*-36. What is the greatest common divisor of i and l?
9
Let a = -2